b = n + 27, 4*b + a = 5*n. Is n a composite number?
False
Suppose 0 = o + o - 4. Let q(f) = -o*f**2 - 33*f**3 + 0*f**2 + 2 - 1 - f. Is q(-2) a composite number?
True
Let l be (-2)/(-5) - (-88)/5. Suppose -2*d + l + 8 = 0. Is d prime?
True
Suppose 0 = 5*d - b - 54, 5*b = 6*b + 4. Suppose d = 2*u - 12. Is u prime?
True
Suppose 2*a + 4953 = 5*a. Is a a prime number?
False
Suppose 4*z - 4274 + 1086 = 0. Is z composite?
False
Let b(i) = 8*i**2 + 1. Is b(-4) composite?
True
Suppose 2*j + 4*d + 32 = 0, 4*j = -2*d - 0*d - 40. Let q = j - -15. Is q prime?
True
Suppose 2*f + y = 6, f - 3*y - 7 = -4. Let w(k) = 52*k - 7*k + 3 - 7. Is w(f) a prime number?
True
Let n = -190 + 606. Let p = -109 + n. Is p prime?
True
Let i = 0 - -3. Suppose j + 161 = 6*u - u, 103 = i*u + j. Is u composite?
True
Is ((-5)/15)/(3/(-3681)) prime?
True
Let r(v) = 5*v**2 - 6*v + 2. Is r(-5) a prime number?
True
Suppose h - 5*h + 3*z + 499 = 0, -6 = -2*z. Is h prime?
True
Suppose 3*q - 3*v - 15 = 0, -q + 2*v = 4*q - 16. Suppose -5*y - 12 + 145 = 3*x, 0 = q*x + 3*y - 90. Is x prime?
False
Suppose -569 = -2*b + 1019. Is b composite?
True
Suppose 0 = 5*b - 3*b. Suppose 30 + b = f. Suppose -i + 3*i = f. Is i composite?
True
Is (-14)/3*615/(-10) prime?
False
Suppose v = -s + 294, 2*s - 1178 = -3*v - v. Let j = v - 168. Is j prime?
True
Is 1152 + 0 + -8 + 7 prime?
True
Suppose -862 - 1231 = -7*h. Is h a prime number?
False
Let i(m) = m**3 + 12*m**2 + 10*m + 6. Is i(-9) a composite number?
True
Let r = -144 - -38. Let s = -230 - r. Let o = -57 - s. Is o a prime number?
True
Suppose -285 = -3*t - 0*t. Suppose 0 = w - 4*w - 30. Is t/w*4/(-2) composite?
False
Let t = -6 + 4. Let k be (-1 + -7)/t - 1. Suppose -111 = -k*u - 0*u. Is u a composite number?
False
Suppose 5*r - 29 + 4 = 0. Suppose r*x = -2*b + 25 + 22, 5*b = x + 50. Suppose -b = -4*i + 1. Is i a composite number?
False
Let p = -6 - -10. Suppose -w - 640 = p*w. Let k = w + 207. Is k a prime number?
True
Let n = -7 - -10. Let i = -4 + 4. Is (1 - i)*(188 + n) composite?
False
Suppose -3*j = -j + 12. Let y = 11 + -7. Let v = y - j. Is v prime?
False
Let k(y) = -355*y**3 - y**2 - y. Is k(-1) composite?
True
Suppose -r + 0*r - 3 = 3*t, -2*t - 2 = 3*r. Suppose u = 2*v - 0*v - 75, -2*v + 3*u + 77 = r. Is v a prime number?
True
Let r(s) = -2*s**3 + 2*s**2 + s. Let p be r(-1). Suppose -p = -g - 0. Is g prime?
True
Suppose -4 = 2*t - 4*d - 22, -3*t = -5*d - 25. Suppose -o + 4*j = -201, -j - 78 = t*o - 1167. Is o a prime number?
False
Let w(z) = 8*z**3 + 4*z**2 + 2*z + 7. Is w(5) composite?
False
Suppose 0 = -29*t + 30*t - 623. Is t a prime number?
False
Let k be 22*(5/2)/5. Let a = k + -6. Suppose -308 - 87 = -a*b. Is b prime?
True
Let c = -2 + 1. Is 0 + c - (-282 + -6) prime?
False
Let u(g) = 65*g**3 + 2*g**2 - 1. Let h(c) = c**3 + 6*c**2 + 6*c + 6. Let y be h(-5). Let k be u(y). Suppose r + r = k. Is r composite?
True
Let t = 329 - -1184. Is t composite?
True
Let p(g) = 5*g**2 + g - g + 1 + 16*g**2. Is p(-2) a prime number?
False
Let t(l) = l**2 + 7*l + 3. Let s be t(-3). Is s/6*(-118)/3 composite?
False
Let d(y) = 2*y**2 - 1. Let p be d(-1). Suppose 0 = -5*s - b - 10 + 136, -b = -p. Is s prime?
False
Suppose y - 14 = 2*g, 26 = 3*y - 4*g - 10. Let x(m) = 11*m - 1. Is x(y) a prime number?
False
Suppose 5 + 7 = 4*w. Suppose 4*o = 5*i, -3*o + o = w*i. Suppose o = -5*j + 22 + 28. Is j a composite number?
True
Suppose 7*f - 2*f = 14635. Is f a prime number?
True
Let v = 201 + -43. Is v a prime number?
False
Let h = 67 - -127. Is h prime?
False
Suppose w = 6*w + 5*c - 45, 5*c = -w + 29. Suppose -i - 69 = -w*i. Suppose -3*u = 5*z - 139 - i, -115 = -2*u - z. Is u composite?
False
Suppose -5*z - 2*t + 10 = 0, 0 = 5*z - 4*t - 15 + 5. Let c(s) = 19*s - 1. Is c(z) a composite number?
False
Let q = -252 - -415. Suppose 3*z - z - 10 = 0, 4*o + 3*z - q = 0. Is o prime?
True
Suppose 272 = 4*b - 0*b. Is 50/20*b/2 a prime number?
False
Let m = -115 - 879. Let k = 2042 + m. Suppose 4*a = -4*c + k, 2*a = 4*c - a - 1027. Is c prime?
False
Suppose 4*g - 9*g = -445. Is g a composite number?
False
Let c(m) = -20*m**3 - 2*m**2 - 7*m - 7. Is c(-6) a composite number?
False
Let k(h) = h**2 + 11*h - 7. Let r be k(-16). Suppose y - j = r - 25, 5*y - 255 = 2*j. Is y composite?
False
Suppose v + 58 = 3*c, 2*v + 2*v - 104 = -4*c. Let q(m) = 5 + m + c*m**2 + 5 - 5 - 4. Is q(-1) prime?
False
Let j(c) = 1 - 2*c - 13*c - 9. Let h(d) = -2*d**2 - 4*d - 3. Let u be h(-3). Is j(u) prime?
True
Suppose z = 3*z - 14. Is (973/2)/z*2 a composite number?
False
Suppose 2 + 7 = -3*a. Is 127/(-3)*(0 + a) a prime number?
True
Let z(s) = 18*s - 13. Let n(o) = 377*o - 273. Let f(x) = -5*n(x) + 104*z(x). Is f(-6) composite?
True
Let v(n) = 302*n**2 - 4*n + 1. Is v(3) a composite number?
False
Let a(d) = -2*d. Let p(v) = -v. Let y(j) = 6*a(j) - 13*p(j). Let x be y(7). Suppose -2*f = -x*f + 185. Is f prime?
True
Let g(l) = -52*l - 7. Let p be g(4). Is -3*(16/4 + p) prime?
False
Let k(b) = 770*b**2 - 4*b + 3. Is k(1) a prime number?
True
Let l be (505/(-15))/(2/(-24)). Suppose -3*v + l = -145. Is v composite?
True
Suppose 0 = -2*y + 6*y - 716. Is y composite?
False
Suppose x = 7 - 4. Suppose -x*z = 5*q - 67, 4*z + 0*q + 2*q - 66 = 0. Is z prime?
False
Suppose 2*s + 3*d + 158 = 1566, -d = 4*s - 2806. Is s a composite number?
False
Is (-12)/(-28) - (3 - (-108348)/(-28)) a composite number?
True
Is 2/10 - 28836/(-45) a composite number?
False
Let o = 2 - -1. Suppose 0 = o*n + 2*n. Is (-2 - 3)*(n - 7) a composite number?
True
Let h(q) = 3*q**2 + q. Let o = -4 + 3. Let c be h(o). Suppose -3*l + 37 = -c*l. Is l a prime number?
True
Suppose -3*r = -5*r + 7130. Is r/25 - 2/(-5) composite?
True
Let g(z) be the third derivative of z**4/24 - z**3/2 - 3*z**2. Is g(6) composite?
False
Suppose b + 3634 = 3*b. Suppose 4*l - 323 = b. Is l a prime number?
False
Suppose -3*q - 1 = -5*n - 2, -5*n - 4*q = -13. Suppose -4*h - l + 96 = 0, -11 - n = -3*l. Is h a prime number?
True
Suppose -a - 352 = -1833. Is a a prime number?
True
Let w(l) = l**3 + 26*l**2 - 15*l - 1. Is w(-24) a prime number?
True
Let n be 4/8 - (-894)/4. Let i = n + 35. Is i a prime number?
False
Let x be (-3)/(-4)*-2*-2. Suppose -l - l = 5*g - 255, 152 = x*g + l. Is g a composite number?
True
Let f(s) = -3*s**3 + 1. Let q be f(-2). Let r = q + -18. Suppose -r = -m + 4. Is m composite?
False
Suppose -4*o + 7*o = -2*z + 226, -3*z = -15. Suppose 3*u - o = -u. Suppose 5*p = -4*j + 119, -61 = -2*j + 3*p - u. Is j a prime number?
False
Suppose -2*i = 10, i = -n + 2*i + 132. Is n prime?
True
Let n = -1 - -1. Suppose n = -5*d - 5*s + 760, -4 = -4*s + 8. Is d composite?
False
Let a be (1270/3)/(2/3). Suppose -a = -2*j + j. Is j composite?
True
Suppose 0 = -q - 2*x + 163, 2*q - x + 4*x - 323 = 0. Is q prime?
True
Let f be 2*10*(-2)/(-8). Let d(i) = -i**3 - 6 - 3*i**3 + 2*i**3 + 9*i**2 + i**3 - 3*i. Is d(f) prime?
True
Let n = -1694 + 3615. Is n a prime number?
False
Let o(j) = 1. Let i(h) = -h - 5. Let b(t) = -i(t) - 5*o(t). Let v be b(4). Suppose -5 = -5*y, 2*y = -v*d - d + 117. Is d prime?
True
Suppose -a + 100 = 4*n, 0 = -0*n - n + 4. Suppose a = 3*z - 27. Is z a prime number?
True
Let f = 5 + -3. Suppose 169 = v + 2*v + 5*l, -110 = -2*v - f*l. Is v a prime number?
True
Let g(f) = 40*f - 20*f - 4*f + 13. Is g(9) composite?
False
Suppose -n + 2*t + 4 = -2*n, -5*t - 31 = -n. Let y = n + -4. Suppose y*k - 10 = -x, -3*x + 6*x + 40 = 4*k. Is k prime?
True
Suppose 2*u = -5*m - 495, 301 = -3*m + u - 3*u. Let l be (-744)/(-36)*(-18)/(-2). Let n = m + l. Is n prime?
True
Suppose -y - 884 - 441 = -4*m, 3*y = -4*m + 1321. Is m a prime number?
True
Let u be 15/(-2)*132/(-5). Suppose 0 = 2*s + 2*o - u, o - 1 = 1. Is s composite?
False
Suppose -i + 6 = 3*w, 3*w - 6 = -0*w - 4*i. Suppose -2*n = -4*p + 10, 2*p = p - w*n. Suppose -p*o - 3*o = -95. Is o prime?
True
Suppose -4*a + 6*a + 3248 = 3*m, -m + 1086 = -4*a. Is m a prime number?
False
Suppose 2*y = 5*w + 1106, -3*w + 0*w = -4*y + 2240. Is y a composite number?
False
Suppose 6*q = 4*q - 70. Is 968/10 - 7/q a composite number?
False
Let o(z) = -11*z + 1. Let d(i) = -6*i + 1. Let r(w) = -10*d(w) + 6*o(w). Let b be r(-4). Suppose 5*x - b - 35 = 0. Is x composite?
False
Suppose -c + 4*k = -2*c + 142, 4*c - 590 = -5